{"id":3,"date":"2021-03-07T10:36:31","date_gmt":"2021-03-07T10:36:31","guid":{"rendered":"https:\/\/marioalonsopuig.com\/programareinventarse\/?page_id=3"},"modified":"2022-01-04T10:24:47","modified_gmt":"2022-01-04T10:24:47","slug":"politica-privacidad","status":"publish","type":"page","link":"https:\/\/marioalonsopuig.com\/programareinventarse\/politica-privacidad\/","title":{"rendered":"Pol\u00edtica de privacidad"},"content":{"rendered":"<div id=\"pl-3\"  class=\"panel-layout\" ><div id=\"pg-3-0\"  class=\"panel-grid panel-no-style\" ><div id=\"pgc-3-0-0\"  class=\"panel-grid-cell\" ><div id=\"panel-3-0-0-0\" class=\"so-panel widget widget_sow-editor panel-first-child panel-last-child\" data-index=\"0\" ><div class=\"page panel-widget-style panel-widget-style-for-3-0-0-0\" ><div\n\t\t\t\n\t\t\tclass=\"so-widget-sow-editor so-widget-sow-editor-base\"\n\t\t\t\n\t\t>\n<div class=\"siteorigin-widget-tinymce textwidget\">\n\t<p><!-- wp:heading --><\/p>\n<h3>INTRODUCCI\u00d3N:<\/h3>\n<p>Tu privacidad es importante para nosotros. En esta declaraci\u00f3n de privacidad te explicamos qu\u00e9 datos personales recopilamos de nuestros Usuarios y c\u00f3mo los utilizamos. Te animamos a leer detenidamente estos t\u00e9rminos antes de facilitar tus datos personales en esta web. Los mayores de dieciocho a\u00f1os podr\u00e1n registrarse en <a href=\"https:\/\/www.marioalonsopuig.com\/programareinventarse\">https:\/\/www.marioalonsopuig.com\/programareinventarse<\/a> como Usuarios sin el previo consentimiento de sus padres o tutores.<\/p>\n<p>En el caso de los menores de dieciocho a\u00f1os se requiere el consentimiento de los padres o tutores para el tratamiento de sus datos personales.<\/p>\n<p>En ning\u00fan caso se recabar\u00e1n del menor de edad datos relativos a la situaci\u00f3n profesional, econ\u00f3mica o a la intimidad de los otros miembros de la familia, sin el consentimiento de \u00e9stos.<\/p>\n<p>Si eres menor de dieciocho a\u00f1os y has accedido a este Sitio Web sin avisar a tus padres no debes registrarte como Usuario.<\/p>\n<p>En esta web se respetan y cuidan los datos personales de los Usuarios. Como Usuario debes saber que tus derechos est\u00e1n garantizados.<\/p>\n<p>Nos hemos esforzado en crear un espacio seguro y confiable y por eso queremos compartir nuestros principios respecto a tu privacidad:<\/p>\n<ul>\n<li>Nunca solicitamos informaci\u00f3n personal a menos que realmente sea necesaria para prestarte los servicios que nos requieras.<\/li>\n<li>Nunca compartimos informaci\u00f3n personal de nuestros Usuarios con nadie, excepto para cumplir con la ley o en caso de que contemos con tu autorizaci\u00f3n expresa.<\/li>\n<li>Nunca utilizamos tus datos personales con una finalidad diferente a la expresada en esta pol\u00edtica de privacidad.<\/li>\n<\/ul>\n<p>Es preciso advertir que esta Pol\u00edtica de Privacidad podr\u00eda variar en funci\u00f3n de exigencias legislativas o de autorregulaci\u00f3n, por lo que se aconseja a los Usuarios que la visiten peri\u00f3dicamente. Ser\u00e1 aplicable en caso de que los Usuarios decidan rellenar alg\u00fan formulario de cualquiera de sus formularios de contacto donde se recaben datos de car\u00e1cter personal.<\/p>\n<p>El objeto de la presente Pol\u00edtica es informar sobre los tratamientos que se realizar\u00e1n respecto de los datos personales recogidos a trav\u00e9s de la p\u00e1gina web <a href=\"https:\/\/www.marioalonsopuig.com\/programareinventarse\">https:\/\/www.marioalonsopuig.com\/programareinventarse<\/a>, de conformidad con lo establecido en la normativa aplicable, y que afecten a sus datos personales de conformidad con lo establecido en la Ley Org\u00e1nica 3\/2018, de 5 de diciembre, de Protecci\u00f3n de Datos Personales y Garant\u00eda de los Derechos Digitales y el Reglamento (UE) 2016\/679 del Parlamento Europeo y del Consejo de 27 de abril de 2016 relativo a la protecci\u00f3n de las personas f\u00edsicas (RGPD), as\u00ed como con la Ley 34\/2002, de 11 de julio, de Servicios de la Sociedad de la Informaci\u00f3n y Comercio Electr\u00f3nico (LSSICE o LSSI).<\/p>\n<p>El acceso y utilizaci\u00f3n de <a href=\"https:\/\/www.marioalonsopuig.com\/programareinventarse\">https:\/\/www.marioalonsopuig.com\/programareinventarse<\/a>\u00a0 y\/o de sus subdominios le atribuye la condici\u00f3n de usuario (en adelante, \u201cUsuario\/s\u201d) e implica el conocimiento y la aceptaci\u00f3n de todas las condiciones incluidas en esta Pol\u00edtica de Privacidad.<\/p>\n<h3>IDENTIFICACI\u00d3N Y DATOS DE CONTACTO DEL RESPONSABLE<\/h3>\n<p>MAP EMPOWERMENT INSTITUTE, S.L. con NIF B86962883. Direcci\u00f3n postal: Calle Dr. Fleming 24, 6A. Madrid 28036.<\/p>\n<p>Correo electr\u00f3nico de contacto:\u00a0<a href=\"mailto:info@marioalonsopuig.com\">info@marioalonsopuig.com<\/a><\/p>\n<h3>INFORMACION SOBRE LOS DATOS QUE MAP EMPOWERMENT INSTITUTE, S.L RECOPILA A TRAV\u00c9S DEL SITIO WEB:<\/h3>\n<p>Para el correcto funcionamiento del Sitio Web, MAP EPORWEMENT puede tener acceso a los siguientes datos facilitados, en su caso, por parte del Usuario:<\/p>\n<ul>\n<li>Datos de identificaci\u00f3n: nombre y apellidos del Usuario.<\/li>\n<li>Datos de contacto: email y n\u00famero de tel\u00e9fono.<\/li>\n<li>Datos econ\u00f3micos: n\u00famero tarjeta, caducidad, titular y CVV.<\/li>\n<\/ul>\n<h3>FINALIDADES DEL TRATAMIENTO DE SUS DATOS PERSONALES<\/h3>\n<p><strong>USUARIOS\/NAVEGANTES DE LA P\u00c1GINA WEB DEL RESPONSABLE Y CLIENTES.<\/strong><\/p>\n<p>Trataremos sus datos de car\u00e1cter personal facilitados a trav\u00e9s de nuestros formularios web para:<\/p>\n<ul>\n<li>La gesti\u00f3n de la relaci\u00f3n comercial.<\/li>\n<li>La prestaci\u00f3n de los servicios que nos haya contratado.<\/li>\n<li>La gesti\u00f3n administrativa, contable y fiscal.<\/li>\n<li>Atender a las solicitudes, quejas e incidencias trasladadas a trav\u00e9s de nuestros canales de contacto incorporados en la p\u00e1gina web.<\/li>\n<li>Entender el comportamiento del navegante dentro de la web con el fin de detectar posibles ataques inform\u00e1ticos a nuestra web.<\/li>\n<li>En su caso, realizar encuestas de calidad que nos permitan evaluar nuestro servicio.<\/li>\n<li>En su caso, env\u00edo de comunicaciones comerciales relativas a los servicios y productos que conforman nuestra actividad., y\/o noticias o boletines relacionados con nuestro sector.<\/li>\n<li>Cumplir con las obligaciones legales que nos resulten directamente aplicables y regulen nuestra actividad.<\/li>\n<li>Para proteger y ejercer nuestros derechos o responder ante reclamaciones de cualquier \u00edndole.<\/li>\n<li>Gestionar, administrar, supervisar su actividad en el blog incorporado.<\/li>\n<li>Entender el comportamiento del navegante dentro de la web con el fin de detectar posibles ataques inform\u00e1ticos a nuestra web.<\/li>\n<\/ul>\n<h3>BASE JUR\u00cdDICA DEL TRATAMIENTO<\/h3>\n<p><strong>USUARIOS\/NAVEGANTES EN LA P\u00c1GINA WEB DEL RESPONSABLE.<\/strong><\/p>\n<ul>\n<li>En el consentimiento que nos has prestado para tratar tus datos con las finalidades indicadas mediante la aceptaci\u00f3n de esta Pol\u00edtica de Privacidad, o el env\u00edo de un correo electr\u00f3nico a cualquiera de las direcciones facilitadas a trav\u00e9s de https:\/\/www.marioalonsopuig.com\/programareinventarse. \u00a0La negativa a facilitar sus datos personales conllevar\u00e1 la imposibilidad de tratar sus datos con las finalidades mencionadas.<\/li>\n<li>Para cumplir con las obligaciones legales que se nos aplican. En este caso, el interesado no podr\u00e1 negarse al tratamiento de los datos personales<strong>.<\/strong><\/li>\n<li>En nuestro inter\u00e9s leg\u00edtimo de proteger nuestra imagen, negocio y trayectoria evitando ataques a nuestra p\u00e1gina web. En este caso, el interesado no podr\u00e1 negarse al tratamiento de los datos personales<strong>,\u00a0<\/strong>aunque podr\u00e1 ejercer, en su caso, los derechos reconocidos en el apartado octavos de la presente pol\u00edtica.<\/li>\n<\/ul>\n<p><strong>CLIENTES<\/strong><\/p>\n<ul>\n<li>Ejecuci\u00f3n de un contrato en el que sea parte o aplicaci\u00f3n de medidas precontractuales. La negativa a facilitar sus datos personales conllevara la imposibilidad de tratar sus datos con las finalidades mencionadas.<\/li>\n<li>En el consentimiento que nos has prestado para tratar tus datos respecto de las finalidades ajenas al desarrollo o ejecuci\u00f3n del contrato existente. La negativa a facilitar sus datos personales conllevara la imposibilidad de tratar sus datos con las finalidades mencionadas.<\/li>\n<li>Para cumplir con las obligaciones legales que se nos aplican. En este caso, el interesado no podr\u00e1 negarse al tratamiento de los datos personales<strong>.<\/strong><\/li>\n<li>En nuestro inter\u00e9s leg\u00edtimo de proteger nuestra imagen, negocio y trayectoria evitando ataques a nuestra p\u00e1gina web. En este caso, el interesado no podr\u00e1 negarse al tratamiento de los datos personales<strong>,\u00a0<\/strong>aunque podr\u00e1 ejercer, en su caso, los derechos reconocidos en el apartado octavos de la presente pol\u00edtica<\/li>\n<\/ul>\n<h3>PLAZOS O CRITERIOS DE CONSERVACI\u00d3N DE LOS DATOS<\/h3>\n<p>Los datos personales proporcionados se conservar\u00e1n durante el tiempo necesario para cumplir con las finalidades para los que fueron recopilados inicialmente.<\/p>\n<p>Una vez que los datos dejen de ser necesarios para el tratamiento en cuesti\u00f3n, estos se mantendr\u00e1n debidamente bloqueados para, en su caso, ponerlos a disposici\u00f3n de las Administraciones y Organismos P\u00fablicas competentes, Jueces y Tribunales o el Ministerio Fiscal, durante el plazo de prescripci\u00f3n de las acciones que pudieran derivarse de la relaci\u00f3n mantenida con el cliente y\/o los plazos de conservaci\u00f3n previstos legalmente.<\/p>\n<h3>SECRETO Y SEGURIDAD DE DATOS<\/h3>\n<p><a href=\"https:\/\/www.marioalonsopuig.com\/programareinventarse\">https:\/\/www.marioalonsopuig.com\/programareinventarse<\/a> \u00a0se compromete en el uso y tratamiento de los datos incluidos personales de los Usuarios, respetando su confidencialidad y a utilizarlos de acuerdo con la finalidad del mismo, as\u00ed como a dar cumplimiento a su obligaci\u00f3n de guardarlos y adaptar todas las medidas para evitar la alteraci\u00f3n, p\u00e9rdida, tratamiento o acceso no autorizado, de conformidad con lo establecido en la normativa vigente de protecci\u00f3n de datos.<\/p>\n<p>Esta web incluye un certificado SSL. Se trata de un protocolo de seguridad que hace que tus datos viajen de manera \u00edntegra y segura, es decir, la transmisi\u00f3n de los datos entre un servidor y Usuario web, y en retroalimentaci\u00f3n, es totalmente cifrada o encriptada.<\/p>\n<p><a href=\"https:\/\/www.marioalonsopuig.com\/programareinventarse\">https:\/\/www.marioalonsopuig.com\/programareinventarse<\/a>\u00a0no puede garantizar la absoluta inexpugnabilidad de la red Internet y por tanto la violaci\u00f3n de los datos mediante accesos fraudulentos a ellos por parte de terceros.<\/p>\n<p>Con respecto a la confidencialidad del procesamiento, MAP EMPOWERMENT INSTITUTE, S.L. se asegurar\u00e1 de que cualquier persona que est\u00e9 autorizada por MAP EMPOWERMENT INSTITUTE, S.L. para procesar los datos del cliente (incluido su personal, colaboradores y prestadores), estar\u00e1 bajo la obligaci\u00f3n apropiada de confidencialidad (ya sea un deber contractual o legal).<\/p>\n<p>Cuando se presente alg\u00fan incidente de seguridad, al darse cuenta, MAP EMPOWERMENT INSTITUTE, S.L., deber\u00e1 notificar al Cliente sin demoras indebidas y deber\u00e1 proporcionar informaci\u00f3n oportuna relacionada con el Incidente de Seguridad tal como se conozca o cuando el Cliente lo solicite razonablemente.<\/p>\n<h3>TRANSFERENCIAS INTERNACIONALES DE DATOS<\/h3>\n<p>No empresa no tiene previsto la Transferencia Internacional de Datos alguna.<\/p>\n<h3>DERECHOS<\/h3>\n<p>Los interesados podr\u00e1n ejercer en cualquier momento y de forma totalmente gratuita los derechos de\u00a0acceso, rectificaci\u00f3n y supresi\u00f3n, as\u00ed como solicitar que se limite el tratamiento de sus datos personales, oponerse al mismo, solicitar la portabilidad de estos<\/p>\n<p>Para ello podr\u00e1 dirigir un escrito a la direcci\u00f3n postal o correo electr\u00f3nico arriba indicadas. En cualquier caso, su solicitud deber\u00e1 acompa\u00f1arse de una fotocopia de su D.N.I. o documento equivalente, con la finalidad de acreditar su identidad.<\/p>\n<p>En caso de que sienta vulnerados sus derechos en lo concerniente a la protecci\u00f3n de sus datos personales, especialmente cuando no haya obtenido satisfacci\u00f3n en el ejercicio de sus derechos, puede presentar una reclamaci\u00f3n ante la Autoridad de Control en materia de Protecci\u00f3n de Datos competente\u00a0(Agencia Espa\u00f1ola de Protecci\u00f3n de Datos),\u00a0a trav\u00e9s de su sitio web:\u00a0<a href=\"http:\/\/www.agpd.es\/\">www.agpd.es<\/a>.<\/p>\n<p>En cumplimiento de lo dispuesto en el art\u00edculo 21 de la Ley 34\/2002 de servicios de la sociedad de la informaci\u00f3n y comercio electr\u00f3nico, si usted no desea recibir m\u00e1s informaci\u00f3n sobre nuestros servicios, puede darse de baja enviando un correo electr\u00f3nico a la direcci\u00f3n info@marioalonsopuig.com con asunto\u00a0<strong>\u201cBAJAS\u201d.<\/strong><\/p>\n<h3>VERACIDAD DE LOS DATOS<\/h3>\n<p>El interesado garantiza que los datos aportados son verdaderos, exactos, completos y se encuentran actualizados; comprometi\u00e9ndose a informar de cualquier cambio respecto de los datos que aportara, por los canales habilitados al efecto e indicados en el punto uno de la presente pol\u00edtica. Ser\u00e1 responsable de cualquier da\u00f1o o perjuicio, tanto directo como indirecto, que pudiera ocasionar como consecuencia del incumplimiento de la presente obligaci\u00f3n.<\/p>\n<p>En el supuesto de que el usuario facilite datos de terceros, declara que cuenta con el consentimiento de los interesados y se compromete a trasladarle la informaci\u00f3n contenida en esta cl\u00e1usula, eximiendo a la organizaci\u00f3n de cualquier responsabilidad derivada por la falta de cumplimiento de la presente obligaci\u00f3n.<\/p>\n<h3>MODIFICACIONES \/ ACTUALIZACIONES<\/h3>\n<p>La presente pol\u00edtica de privacidad puede verse modificada\/actualizada en funci\u00f3n de las exigencias legales establecidas o con la finalidad de adaptar dicha pol\u00edtica a las instrucciones dictadas por la Agencia Espa\u00f1ola de Protecci\u00f3n de Datos o cambios en nuestro sitio web. Por esta raz\u00f3n, aconsejamos a los usuarios que\u00a0 visiten peri\u00f3dicamente nuestra\u00a0 pol\u00edtica de privacidad.<\/p>\n<p>Si tiene dudas acerca de esta pol\u00edtica, puede contactar con MAP EMPOWERMENT INSTITUTE, S.L. a trav\u00e9s del siguiente correo electr\u00f3nico: <a href=\"mailto:info@marioalonsopuig.com\">info@marioalonsopuig.com<\/a><\/p>\n<p><!-- \/wp:heading --><\/p>\n<\/div>\n<\/div><\/div><\/div><\/div><\/div><\/div>","protected":false},"excerpt":{"rendered":"<p>INTRODUCCI\u00d3N: Tu privacidad es importante para nosotros. En esta declaraci\u00f3n de privacidad te explicamos qu\u00e9 datos personales recopilamos de nuestros Usuarios y c\u00f3mo los utilizamos.&hellip;<\/p>\n","protected":false},"author":1,"featured_media":0,"parent":0,"menu_order":0,"comment_status":"closed","ping_status":"open","template":"","meta":{"footnotes":""},"class_list":["post-3","page","type-page","status-publish","hentry"],"_links":{"self":[{"href":"https:\/\/marioalonsopuig.com\/programareinventarse\/wp-json\/wp\/v2\/pages\/3","targetHints":{"allow":["GET"]}}],"collection":[{"href":"https:\/\/marioalonsopuig.com\/programareinventarse\/wp-json\/wp\/v2\/pages"}],"about":[{"href":"https:\/\/marioalonsopuig.com\/programareinventarse\/wp-json\/wp\/v2\/types\/page"}],"author":[{"embeddable":true,"href":"https:\/\/marioalonsopuig.com\/programareinventarse\/wp-json\/wp\/v2\/users\/1"}],"replies":[{"embeddable":true,"href":"https:\/\/marioalonsopuig.com\/programareinventarse\/wp-json\/wp\/v2\/comments?post=3"}],"version-history":[{"count":6,"href":"https:\/\/marioalonsopuig.com\/programareinventarse\/wp-json\/wp\/v2\/pages\/3\/revisions"}],"predecessor-version":[{"id":3569,"href":"https:\/\/marioalonsopuig.com\/programareinventarse\/wp-json\/wp\/v2\/pages\/3\/revisions\/3569"}],"wp:attachment":[{"href":"https:\/\/marioalonsopuig.com\/programareinventarse\/wp-json\/wp\/v2\/media?parent=3"}],"curies":[{"name":"wp","href":"https:\/\/api.w.org\/{rel}","templated":true}]}}