{"id":3055,"date":"2021-12-17T10:55:23","date_gmt":"2021-12-17T10:55:23","guid":{"rendered":"https:\/\/marioalonsopuig.com\/programareinventarse\/?page_id=3055"},"modified":"2022-01-04T10:17:19","modified_gmt":"2022-01-04T10:17:19","slug":"aviso-legal","status":"publish","type":"page","link":"https:\/\/marioalonsopuig.com\/programareinventarse\/aviso-legal\/","title":{"rendered":"Aviso Legal"},"content":{"rendered":"<div id=\"pl-3055\"  class=\"panel-layout\" ><div id=\"pg-3055-0\"  class=\"panel-grid panel-has-style\" ><div id=\"page\" class=\"panel-row-style panel-row-style-for-3055-0\" ><div id=\"pgc-3055-0-0\"  class=\"panel-grid-cell\" ><div id=\"panel-3055-0-0-0\" class=\"so-panel widget widget_sow-editor panel-first-child panel-last-child\" data-index=\"0\" ><div\n\t\t\t\n\t\t\tclass=\"so-widget-sow-editor so-widget-sow-editor-base\"\n\t\t\t\n\t\t>\n<div class=\"siteorigin-widget-tinymce textwidget\">\n\t<h3>Derecho de la informaci\u00f3n<\/h3>\n<p>Le informamos que este sitio Web:<\/p>\n<p><a href=\"https:\/\/www.marioalonsopuig.com\/programareinventarse\">https:\/\/www.marioalonsopuig.com\/programareinventarse<\/a> \u00a0es titularidad de MAP EMPOWERMENT INSTITUTE, S.L., con N.I.F B-86962883, y domicilio social en Calle Dr. Fleming 24, 6A. Madrid 28036 (Espa\u00f1a), inscrita en el Registro Mercantil de Madrid al Tomo 32228, Folio 9, Secci\u00f3n 8, Hoja M-580050. Inscripci\u00f3n 1<\/p>\n<p>El acceso y\/o uso del Sitio Web le atribuye la condici\u00f3n de usuario, y acepta, desde dicho acceso y\/o uso, el presente Aviso Legal.<\/p>\n<p>El usuario (en adelante, el \u201c<strong>Usuario<\/strong>\u201d) puede ponerse en contacto con MAP EMPOWERMENT INSTITUTE, S.L.\u00a0 a trav\u00e9s de la siguiente direcci\u00f3n de correo electr\u00f3nico <a href=\"mailto:reinventarse@marioalonsopuig.com\">reinventarse@marioalonsopuig.com<\/a> o a trav\u00e9s del n\u00famero de tel\u00e9fono 680163078<\/p>\n<h3>Protecci\u00f3n de Datos<\/h3>\n<p>El uso de este Sitio Web puede requerir que los Usuarios proporcionen datos personales. MAP EMPOWERMENT INSTITUTE, S.L. trata este tipo de informaci\u00f3n de acuerdo con la legislaci\u00f3n aplicable, y la recoge en su\u00a0Pol\u00edtica de Privacidad.<\/p>\n<h3>Compromisos y obligaciones de los usuarios<\/h3>\n<p>El Usuario queda informado, y acepta, que el acceso a la presente web no supone, en modo alguno, el inicio de una relaci\u00f3n comercial con MAP EMPOWERMENT INSTITUTE, S.L. De esta forma, el Usuario se compromete a utilizar el sitio web, sus servicios y contenidos sin contravenir la legislaci\u00f3n vigente, la buena fe y el orden p\u00fablico.<\/p>\n<p>Queda prohibido el uso de la web, con fines il\u00edcitos o lesivos, o que, de cualquier forma, puedan causar perjuicio o impedir el normal funcionamiento del sitio web.<\/p>\n<p>Respecto de los contenidos de esta web, se proh\u00edbe:<\/p>\n<ul>\n<li>Su reproducci\u00f3n, distribuci\u00f3n o modificaci\u00f3n, total o parcial, a menos que se cuente con la autorizaci\u00f3n de la empresa como leg\u00edtima titular.<\/li>\n<li>Cualquier vulneraci\u00f3n de los derechos del prestador o de la empresa como leg\u00edtima titular.<\/li>\n<li>Su utilizaci\u00f3n para fines comerciales o publicitarios.<\/li>\n<\/ul>\n<p>En la utilizaci\u00f3n de la web, <a href=\"https:\/\/www.marioalonsopuig.com\/programareinventarse\">https:\/\/www.marioalonsopuig.com\/programareinventarse<\/a>\u00a0 el Usuario se compromete a no llevar a cabo <strong>ninguna conducta<\/strong> que pudiera da\u00f1ar la imagen, los intereses y los derechos de MAP EMPOWERMENT INSTITUTE, S.L. o de terceros o que pudiera da\u00f1ar, inutilizar o sobrecargar el portal https:\/\/www.marioalosnopuig.com\/programareinventarse o que impidiera, de cualquier forma, la normal utilizaci\u00f3n de la web. No obstante, el Usuario debe ser consciente de que las medidas de seguridad de los sistemas inform\u00e1ticos en Internet no son enteramente fiables y que, por tanto\u00a0 https:\/\/www.marioalonsopuig.com\/programareinventarse\u00a0\u00a0no puede garantizar la inexistencia de malware u otros elementos que puedan producir alteraciones en los sistemas inform\u00e1ticos (software y hardware) del Usuario o en sus documentos electr\u00f3nicos y ficheros contenidos en los mismos aunque ponemos todos los medios necesarios y las medidas de seguridad oportunas para evitar la presencia de estos elementos da\u00f1inos.<\/p>\n<h3>Medidas de seguridad<\/h3>\n<p>Los datos personales comunicados por el Usuario a MAP EMPOWERMENT INSTITUTE, S.L pueden ser almacenados en bases de datos automatizadas o no, cuya titularidad corresponde en exclusiva a MAP EMPOWERMENT INSTITUTE, S.L, asumiendo \u00e9sta todas las medidas de \u00edndole t\u00e9cnica, organizativa y de seguridad que garantizan la confidencialidad, integridad y calidad de la informaci\u00f3n contenida en las mismas de acuerdo con lo establecido en la normativa vigente en protecci\u00f3n de datos. La comunicaci\u00f3n entre los Usuarios y\u00a0\u00a0\u00a0\u00a0\u00a0 \u00a0https:\/\/www.marioalonsopuig.com\/programareinventarse\u00a0 utiliza un canal seguro, y los datos transmitidos son cifrados gracias a protocolos a https, por tanto, garantizamos las mejores condiciones de seguridad para que la confidencialidad de los Usuarios est\u00e9 garantizada.<\/p>\n<h3>Plataforma de resoluci\u00f3n de conflictos<\/h3>\n<p>MAP EMPOWERMENT INSTITUTE, S.L pone a disposici\u00f3n de los Usuarios la plataforma de resoluci\u00f3n de litigios que facilita la Comisi\u00f3n Europea y que se encuentra disponible en el siguiente enlace:\u00a0<a href=\"http:\/\/ec.europa.eu\/consumers\/odr\/\">http:\/\/ec.europa.eu\/consumers\/odr\/<\/a><\/p>\n<h3>Derechos de propiedad intelectual e industrial<\/h3>\n<p>Todos y cada uno de los derechos de propiedad intelectual sobre el contenido y el dise\u00f1o gr\u00e1fico de este Sitio Web (a t\u00edtulo enunciativo, im\u00e1genes, sonido, audio, v\u00eddeo, Webinars y formaciones que puedan habilitarse en el Sitio Web, software o textos; marcas o logotipos, combinaciones de colores, estructura y dise\u00f1o, selecci\u00f3n de materiales usados, programas de ordenador necesarios para su funcionamiento, acceso y uso, etc.) son propiedad exclusiva de MAP EMPOWERMENT INSTITUTE, S.L \u00a0o de un tercero que MAP EMPOWERMENT INSTITUTE, S.L \u00a0haya autorizado su uso. Por tanto, MAP EMPOWERMENT INSTITUTE, S.L \u00a0tiene el derecho exclusivo de explotaci\u00f3n de dichos contenidos y dise\u00f1o gr\u00e1fico.<\/p>\n<p>Por ello, en virtud de lo dispuesto en el Real Decreto Legislativo 1\/1996, de 12 de abril, por el que se aprueba el Texto Refundido de la Ley de Propiedad Intelectual, y en la Ley 17\/2001, de 7 de diciembre, de Marcas, as\u00ed como cualquier otra legislaci\u00f3n complementaria en materia de propiedad intelectual e industrial, queda prohibida la reproducci\u00f3n, transmisi\u00f3n, adaptaci\u00f3n, traducci\u00f3n, distribuci\u00f3n o comunicaci\u00f3n p\u00fablica, incluida la puesta a disposici\u00f3n o cualquier otra forma de explotaci\u00f3n comercial y\/o modificaci\u00f3n de todo o parte del contenido del Sitio Web, salvo autorizaci\u00f3n previa y expresa de MAP EMPOWERMENT INSTITUTE, S.L.<\/p>\n<p>MAP EMPOWERMENT INSTITUTE, S.L no concede ninguna licencia o autorizaci\u00f3n para utilizar ninguno de sus derechos de propiedad intelectual e industrial o cualquier otra propiedad o derecho relacionado con el Sitio Web y\/o los servicios o contenidos de la misma.<\/p>\n<p>Los art\u00edculos publicados en el Blog y la informaci\u00f3n expuesta en el Sitio Web son titularidad en exclusiva de MAP EMPOWERMENT INSTITUTE, S.L. Asimismo, dicha informaci\u00f3n tiene car\u00e1cter meramente informativo y orientativo, y por ello, su contenido siempre deber\u00e1 ser confirmado por el Usuario en cuanto su vigencia y aplicaci\u00f3n al caso concreto, declinando MAP EMPOWERMENT INSTITUTE, S.L toda responsabilidad por el uso que pueda darse de dicha informaci\u00f3n.<\/p>\n<p>Toda la informaci\u00f3n que conste en el Sitio Web, as\u00ed como, comentarios, sugerencias o ideas de los Usuarios, se considerar\u00e1 cedida a MAP EMPOWERMENT INSTITUTE, S.L \u00a0de manera gratuita.<\/p>\n<p>El Usuario se compromete a respetar los derechos de Propiedad Intelectual e Industrial titularidad de MAP EMPOWERMENT INSTITUTE, S.L. Se permite, en este sentido, la reproducci\u00f3n y almacenamiento temporal de los contenidos del Sitio Web en tanto ello sea estrictamente necesario para el uso y visualizaci\u00f3n del Sitio Web desde un ordenador, tablet o tel\u00e9fono personal.<\/p>\n<p>La legitimidad de los derechos de propiedad intelectual o industrial sobre los contenidos aportados por los Usuarios es de la exclusiva responsabilidad de los mismos, que responder\u00e1n frente a cualquier reclamaci\u00f3n de terceros derivada del uso il\u00edcito de los contenidos del Sitio Web.<\/p>\n<p>En el caso de que un Usuario o un tercero consideren que se ha producido una violaci\u00f3n de sus leg\u00edtimos derechos de propiedad intelectual por la introducci\u00f3n de un determinado contenido en la web, deber\u00e1 notificar dicha circunstancia a MAP EMPOWERMENT INSTITUTE, S.L indicando:<\/p>\n<ul>\n<li>Datos personales del interesado titular de los derechos presuntamente infringidos, o indicar la representaci\u00f3n con la que act\u00faa en caso de que la reclamaci\u00f3n la presente un tercero distinto del interesado.<\/li>\n<li>Se\u00f1alar los contenidos protegidos por los derechos de propiedad intelectual y su ubicaci\u00f3n en la web, la acreditaci\u00f3n de los derechos de propiedad intelectual se\u00f1alados y declaraci\u00f3n expresa en la que el interesado se responsabiliza de la veracidad de las informaciones facilitadas en la notificaci\u00f3n.<\/li>\n<\/ul>\n<h3>Enlaces externos<\/h3>\n<p>Las p\u00e1ginas de la web:<\/p>\n<p><a href=\"https:\/\/www.marioalonsopuig.com\/programareinventarse\">https:\/\/www.marioalonsopuig.com\/programareinventarse<\/a>\u00a0\u00a0proporciona enlaces a otros sitios web propios y contenidos que son propiedad de terceros tales como:<\/p>\n<ul>\n<li>Contenido de otros blogs.<\/li>\n<li>Herramientas.<\/li>\n<li>Recursos.<\/li>\n<\/ul>\n<p>MAP EMPOWERMENT INSTITUTE, S.L no asume ninguna responsabilidad sobre los enlaces a otras aplicaciones o sitios web que se encuentren en el Sitio Web de MAP EMPOWERMENT INSTITUTE, S.L, pudiendo dirigir al Usuario a otras aplicaciones o sitios web sobre los que MAP EMPOWERMENT INSTITUTE, S.L no tiene ning\u00fan tipo de control.<\/p>\n<p>En este sentido, MAP EMPOWERMENT INSTITUTE, S.L no se hace responsable de la informaci\u00f3n contenida en estos enlaces de terceros ni de cualesquiera efectos que pudieran derivarse de dicha informaci\u00f3n.<\/p>\n<p>Por lo tanto, la inclusi\u00f3n de v\u00ednculos con otros sitios web o aplicaciones no implica la aprobaci\u00f3n de sus contenidos por parte de MAP EMPOWERMENT INSTITUTE, S.L ni la existencia de ning\u00fan tipo de asociaci\u00f3n entre MAP EMPOWERMENT INSTITUTE, S.L \u00a0y sus titulares.<\/p>\n<p>En consecuencia, el Usuario accede bajo su exclusiva responsabilidad al Contenido y en las condiciones de uso que rijan en los mismos.<\/p>\n<h3>Duraci\u00f3n y modificaci\u00f3n<\/h3>\n<p>El presente Aviso Legal estar\u00e1 vigente con car\u00e1cter indefinido, pudiendo MAP EMPOWERMENT INSTITUTE, S.L \u00a0efectuar cambios sobre las condiciones especificadas en el mismo, y que entrar\u00e1n en vigor desde el momento de su publicaci\u00f3n.<\/p>\n<p>MAP EMPOWERMENT INSTITUTE, S.L podr\u00e1 suprimir, a\u00f1adir o cambiar tanto los Contenidos como los servicios que presta, as\u00ed como tambi\u00e9n la forma en la que los mismos aparezcan localizados o presentados. Se entienden como vigentes, las condiciones que est\u00e9n publicadas en el momento en el que el Usuario acceda al Sitio Web de MAP EMPOWERMENT INSTITUTE, S.L.<\/p>\n<p>El acceso y\/o el uso del Sitio Web se entender\u00e1 como una aceptaci\u00f3n por parte del Usuario del presente Aviso Legal y sus condiciones y, en su caso, los cambios efectuados en las mismas.<\/p>\n<h3>Exclusi\u00f3n de garant\u00edas y responsable<\/h3>\n<p>La empresa MAP EMPOWERMENT INSTITUTE, S.L declara que ha adoptado todas las medidas necesarias, dentro de sus posibilidades y teniendo en cuenta el estado actual de la tecnolog\u00eda, para permitir el correcto funcionamiento y la ausencia de virus y componentes da\u00f1inos en su Sitio Web. Adem\u00e1s, MAP EMPOWERMENT INSTITUTE, S.L no otorga ninguna garant\u00eda ni se hace responsable, en ning\u00fan caso, de los da\u00f1os y perjuicios de cualquier naturaleza que pudieran traer causa de:<\/p>\n<ul>\n<li>La falta de disponibilidad, mantenimiento y efectivo funcionamiento de la web, o de sus servicios y contenidos.<\/li>\n<li>La existencia de malware, programas maliciosos o lesivos en los contenidos.<\/li>\n<li>El uso il\u00edcito, negligente, fraudulento o contrario a este Aviso Legal.<\/li>\n<li>La falta de licitud, calidad, fiabilidad, utilidad y disponibilidad de los servicios prestados por terceros y puestos a disposici\u00f3n de los Usuarios en el sitio web.<\/li>\n<li>El prestador no se hace responsable bajo ning\u00fan concepto de los da\u00f1os que pudieran dimanar del uso ilegal o indebido de la presente p\u00e1gina web.<\/li>\n<\/ul>\n<h3>Salvaguardia e interpretaci\u00f3n<\/h3>\n<p>Este Aviso Legal constituye un acuerdo entre cada uno de los Usuarios y MAP EMPOWERMENT INSTITUTE, S.L.<\/p>\n<p>Si la autoridad competente declara que una disposici\u00f3n es ilegal, inv\u00e1lida o inaplicable, dicha declaraci\u00f3n con respecto a una o varias cl\u00e1usulas se entender\u00e1 sin perjuicio de la validez de las dem\u00e1s cl\u00e1usulas.<\/p>\n<p>El hecho de que MAP EMPOWERMENT INSTITUTE, S.L no exija el cumplimiento estricto de ninguna de las disposiciones del presente Aviso Legal no constituye ni puede interpretarse en modo alguno como una renuncia de su parte a exigir el cumplimiento estricto en el futuro.<\/p>\n<h3>Informaci\u00f3n General<\/h3>\n<p>MAP EMPOWERMENT INSTITUTE, S.L perseguir\u00e1 el incumplimiento del presente Aviso Legal, as\u00ed como cualquier utilizaci\u00f3n indebida de su portal, ejerciendo todas las acciones civiles y penales que le puedan corresponder en derecho.<\/p>\n<h3>Notificaciones<\/h3>\n<p>MAP EMPOWERMENT INSTITUTE, S.L podr\u00e1 realizar las oportunas comunicaciones a trav\u00e9s de la direcci\u00f3n de correo electr\u00f3nico facilitada por los Usuarios en los formularios de registro o a trav\u00e9s de cualquier otro medio facilitado en los datos de contacto del Usuario.<\/p>\n<\/div>\n<\/div><\/div><\/div><\/div><\/div><\/div>","protected":false},"excerpt":{"rendered":"<p>Derecho de la informaci\u00f3n Le informamos que este sitio Web: https:\/\/www.marioalonsopuig.com\/programareinventarse \u00a0es titularidad de MAP EMPOWERMENT INSTITUTE, S.L., con N.I.F B-86962883, y domicilio social en&hellip;<\/p>\n","protected":false},"author":1,"featured_media":0,"parent":0,"menu_order":0,"comment_status":"closed","ping_status":"closed","template":"","meta":{"footnotes":""},"class_list":["post-3055","page","type-page","status-publish","hentry"],"_links":{"self":[{"href":"https:\/\/marioalonsopuig.com\/programareinventarse\/wp-json\/wp\/v2\/pages\/3055","targetHints":{"allow":["GET"]}}],"collection":[{"href":"https:\/\/marioalonsopuig.com\/programareinventarse\/wp-json\/wp\/v2\/pages"}],"about":[{"href":"https:\/\/marioalonsopuig.com\/programareinventarse\/wp-json\/wp\/v2\/types\/page"}],"author":[{"embeddable":true,"href":"https:\/\/marioalonsopuig.com\/programareinventarse\/wp-json\/wp\/v2\/users\/1"}],"replies":[{"embeddable":true,"href":"https:\/\/marioalonsopuig.com\/programareinventarse\/wp-json\/wp\/v2\/comments?post=3055"}],"version-history":[{"count":8,"href":"https:\/\/marioalonsopuig.com\/programareinventarse\/wp-json\/wp\/v2\/pages\/3055\/revisions"}],"predecessor-version":[{"id":3568,"href":"https:\/\/marioalonsopuig.com\/programareinventarse\/wp-json\/wp\/v2\/pages\/3055\/revisions\/3568"}],"wp:attachment":[{"href":"https:\/\/marioalonsopuig.com\/programareinventarse\/wp-json\/wp\/v2\/media?parent=3055"}],"curies":[{"name":"wp","href":"https:\/\/api.w.org\/{rel}","templated":true}]}}